s v(10)?
887
Let g(r) = 4028*r + 36238. Determine g(-9).
-14
Let p(w) = 3*w**2 - 10095*w - 192879. Calculate p(-19).
9
Let r(z) = 789897*z + 1579792. Calculate r(-2).
-2
Let y(r) = 780*r**2 - 3922*r + 64. What is y(5)?
-46
Let j(p) = -194*p**2 - 2403*p + 42. What is j(-13)?
-1505
Let w(h) = 81943*h - 340. Give w(0).
-340
Let b(k) = k**3 + 16*k**2 + 6737*k + 93822. Determine b(-14).
-104
Let u(q) = -1631*q - 79836. Give u(-49).
83
Let p(i) = i**2 + 9481*i + 789370. What is p(-84)?
22
Let s(q) = -q**2 - 308*q - 22295. Calculate s(-92).
-2423
Let m(w) = -5*w**2 + 883*w + 105996. Give m(-82).
-30
Let u(i) = -8242*i + 49484. What is u(6)?
32
Let i(n) = 20*n**2 - 24*n + 216. Give i(10).
1976
Let q(d) = 35*d**3 + 1477*d + 5913. Determine q(-4).
-2235
Let p(t) = 37679*t - 866607. Give p(23).
10
Let i(u) = 315005*u - 9135141. Calculate i(29).
4
Let v(x) = -53*x - 207. Calculate v(-5).
58
Let g(q) = 894*q + 330780. Calculate g(-370).
0
Let w(i) = -i**2 - 149*i + 72021. Give w(-353).
9
Let x(c) = 3596*c - 8270. Calculate x(2).
-1078
Let s(k) = -k**3 + 68*k**2 - 36*k - 6306. Determine s(66).
30
Let v(y) = 415045*y - 1660180. Calculate v(4).
0
Let s(q) = 7226*q + 122837. What is s(-17)?
-5
Let g(j) = j**2 + 9691*j - 48447. What is g(5)?
33
Let o(b) = 5109*b**3 - 66419*b**2 + 27*b - 8. What is o(13)?
5
Let u(k) = -2723*k - 108915. Determine u(-40).
5
Let c(s) = s**3 - 293*s**2 - 52259*s + 3901. What is c(418)?
139
Let s(m) = -2*m**2 - m + 61. What is s(-10)?
-129
Let b(p) = 48*p**2 - 66771*p + 66770. Determine b(1).
47
Let c(d) = 18*d**2 + 1082*d - 2136. What is c(2)?
100
Let k(u) = -2*u**3 - 1264*u**2 - 166942*u + 899. What is k(-444)?
11
Let g(f) = f**2 + 350*f - 2495. What is g(-357)?
4
Let z(t) = 2702*t - 35182. Give z(13).
-56
Let s(r) = r**2 - 41364*r + 16791137. Calculate s(410).
-3
Let v(f) = -f**3 + 4*f**2 + 817*f - 4819. What is v(6)?
11
Let q(g) = g**2 + 62*g - 1594. Give q(18).
-154
Let v(g) = 2879*g - 28450. Determine v(10).
340
Let u(w) = -7697*w + 4233362. What is u(550)?
12
Let a(n) = 2*n**2 - 498*n + 3768. What is a(8)?
-88
Let m(d) = d**3 - 14*d**2 + 138*d - 2070. What is m(16)?
650
Let v(j) = -2943*j - 82450. Determine v(-28).
-46
Let h(p) = 2106*p - 309571. Determine h(147).
11
Let p(n) = 153*n**2 + 5197*n - 189. Determine p(-34).
-19
Let b(l) = 12570*l - 2438583. What is b(194)?
-3
Let u(p) = -1002*p + 138. Calculate u(2).
-1866
Let s(b) = 5*b**2 - 52*b - 126. Calculate s(-10).
894
Let b(s) = 88419*s + 530505. Calculate b(-6).
-9
Let v(k) = 2*k**3 - 38*k**2 + 7147*k - 98100. What is v(14)?
-2
Let r(c) = 51315*c - 154129. Calculate r(3).
-184
Let i(f) = f**2 + 685*f + 27005. Give i(-42).
-1
Let n(s) = 29*s - 715. What is n(-17)?
-1208
Let m(u) = 5*u**2 + 931*u - 4630. Give m(-191).
-46
Let t(v) = -30*v**2 + 1896*v - 5758. Give t(60).
2
Let d(a) = -a**2 + 790*a - 61783. Determine d(88).
-7
Let g(k) = 21*k**2 - 5217*k - 2963. What is g(249)?
25
Let l(y) = 5*y**2 + 495*y + 5206. Calculate l(-11).
366
Let r(d) = -19190*d + 172809. What is r(9)?
99
Let m(s) = 3*s**2 - 22831*s + 2208627. Calculate m(98).
1
Let i(x) = 61*x**3 + 4*x**2 + 276*x - 1199. Calculate i(4).
3873
Let j(b) = -3*b**3 + 1612*b**2 + 1046*b + 16224. Determine j(538).
84
Let t(a) = 3*a**2 + 593*a + 19111. Determine t(-161).
1401
Let x(m) = -1375*m + 9327. Determine x(7).
-298
Let q(k) = 1436*k - 35907. What is q(25)?
-7
Let l(s) = 94352*s - 283176. Calculate l(3).
-120
Let b(m) = -2*m**3 + 8*m**2 - 22*m + 225. Give b(9).
-783
Let d(j) = j**3 - 14*j**2 + 48*j - 733. Give d(13).
-278
Let q(f) = f**3 - 96*f**2 + 27*f + 5398. Give q(95).
-1062
Let m(u) = -13*u**3 + 4*u**2 - 36884*u + 73762. Determine m(2).
-94
Let x(u) = -u**3 + 39*u**2 - 129*u - 1400. Give x(34).
-6
Let h(z) = -26*z**2 + 6518*z - 4581. Calculate h(250).
-81
Let m(n) = 26410*n + 369697. Give m(-14).
-43
Let c(d) = -d**3 + 29*d**2 + 187*d - 3960. Give c(32).
-1048
Let s(k) = -8*k**3 - 266*k**2 + 10*k - 1. What is s(-33)?
-2509
Let x(s) = -s**3 - 163*s**2 + 1183*s - 3499. Calculate x(-170).
-2309
Let k(x) = x**3 + 30*x**2 + 32*x + 1061. What is k(-29)?
974
Let n(t) = -t**3 + 304*t**2 - 918*t + 94826. Determine n(302).
-2
Let k(m) = 2576*m**2 + 15424*m - 181. Determine k(-6).
11
Let f(m) = 26*m**3 + 114*m**2 - 33*m + 204. Determine f(-5).
-31
Let p(d) = 361929*d + 723821. Give p(-2).
-37
Let i(a) = -a**3 - 16*a**2 - 79*a - 48. What is i(-8)?
72
Let r(b) = -3*b**3 + 610*b**2 - 26048*b + 63. What is r(61)?
2
Let u(s) = -18*s**3 - 7*s**2 + 90*s - 160. Give u(2).
-152
Let q(f) = -52741*f + 685636. What is q(13)?
3
Let u(l) = -3*l**2 + 4686*l + 56592. Give u(-12).
-72
Let j(p) = 1531*p**2 - 269443*p - 2284. Give j(176).
4
Let p(i) = -12932*i + 142257. Calculate p(11).
5
Let x(o) = 3*o**2 - 80*o + 245. Determine x(17).
-248
Let p(z) = -z**3 + 10*z**2 + 202*z - 316. Calculate p(-11).
3
Let i(w) = w**2 + 98*w - 5128. Give i(-144).
1496
Let i(w) = -2*w**2 + 1520*w + 15412. Determine i(-10).
12
Let b(w) = 3488*w**2 - 38354*w + 20. Calculate b(11).
174
Let x(h) = -5*h**2 - 190*h + 3723. Calculate x(14).
83
Let j(l) = 3*l**2 - 7887*l - 239326. Determine j(-30).
-16
Let v(q) = q**3 + 370*q**2 + 14626*q - 136. Determine v(-45).
-181
Let i(h) = -h**3 - 31*h**2 - 48*h + 1170. Calculate i(-28).
162
Let l(x) = -1497*x - 25073. Calculate l(-16).
-1121
Let m(p) = 114*p + 626. Calculate m(-27).
-2452
Let k(y) = -1209388*y + 1209391. Determine k(1).
3
Let w(r) = 46*r**3 - 28*r**2 + 28*r + 4. Calculate w(1).
50
Let z(n) = n**3 - 119*n**2 - 136*n + 43293. Give z(117).
3
Let f(q) = -q**2 - 16231*q + 32450. Give f(2).
-16
Let a(c) = c**3 + 36*c**2 - 378*c - 16836. Determine a(-29).
13
Let j(n) = 2*n**3 + 24*n**2 - 3657*n - 14920. Determine j(-4).
-36
Let x(m) = 865*m + 173850. Calculate x(-201).
-15
Let n(b) = 1339*b - 80333. What is n(60)?
7
Let y(a) = 3*a**3 + 469*a**2 + 1529*a - 170. Give y(-153).
-17
Let r(z) = 208*z**2 + 26015*z + 1869. Calculate r(-125).
-6
Let d(w) = -w**2 + 61*w + 3088. Give d(76).
1948
Let n(c) = -1690*c - 365016. Give n(-216).
24
Let y(t) = -t**3 + 928*t**2 - 199673*t + 1187. Calculate y(589).
9
Let n(a) = 7286*a + 80169. Calculate n(-11).
23
Let f(r) = 4*r**2 + 1361*r - 12573. What is f(9)?
0
Let w(i) = -95*i**2 + 7248*i + 14498. What is w(-2)?
-378
Let i(c) = 2936*c + 1109809. Calculate i(-378).
1
Let b(s) = -s**3 - 3*s**2 - 55096*s - 165285. What is b(-3)?
3
Let d(v) = -68667*v + 3502026. What is d(51)?
9
Let s(m) = 61*m**2 - 2270*m - 2061. What is s(38)?
-237
Let n(t) = -5083*t + 25464. Give n(5).
49
Let x(y) = -10838*y + 3869160. Calculate x(357).
-6
Let s(d) = -109279*d + 1529936. Give s(14).
30
Let a(o) = -3*o**3 - 30*o**2 - 13*o - 3. Calculate a(-10).
127
Let z(r) = 221*r - 3909. Determine z(15).
-594
Let v(a) = -117041*a + 584955. What is v(5)?
-250
Let f(z) = -13*z**2 + 4581*z - 50316. What is f(11)?
-1498
Let j(p) = 25*p**2 + 11410*p - 6862. What is j(-457)?
-7
Let z(x) = -9*x**3 - 46*x**2 + 72*x + 543. Give z(-6).
399
Let r(v) = -v**2 + 11999*v + 144126. Calculate r(-12).
-6
Let m(d) = -d**3 + 26*d**2 + 16*d - 443. What is m(25)?
582
Let b(x) = x**3 + 33*x**2 - 257*x - 183. Give b(7).
-22
Let l(x) = 22*x**3 - x**2 - 54*x - 2581. Determine l(0).
-2581
Let p(l) = -7*l - 1148. Give p(-51).
-791
Let n(t) = 43*t**2 - 15*t + 2. Calculate n(-4).
750
Let l(t) = -5860*t + 310570. Determine l(53).
-10
Let y(n) = 20318*n**2 + 304768*n - 28. Calculate y(-15).
2
Let n(z) = -z**2 + 214*z - 10980. Calculate n(87).
69
Let r(c) = c**3 + 23*c**2 - 6*c + 83. What is r(-24)?
-349
Let c(j) = -j**3 + 7*j**2 + 5*j + 3. What is c(-3)?
78
Let r(j) = 4*j**2 + 16001*j + 381692. Give r(-24).
-28
Let o(z) = z**2 - 796*z - 88594. Give o(-99).
11
Let z(p) = -460*p**2 + 81*p - 76. Determine z(3).
-3973
Let s(b) = -8*b**3 - 54*b**2 + 668*b + 4219. Calculate s(-6).
-5
Let f(i) = -i**2 - 26874*i + 1022661. Give f(38).
5
Let t(d) = -83608*d + 2341055. Calculate t(28).
31
Let l(w) = -32392*w + 162079. Give l(5).
119
Let n(k) = -81*k + 5980. Give n(24).
4036
Let t(i) = i**3 - 31*i**2 - 42*i - 14. Determine t(-3).
-194
Let t(q) = -43426*q + 28487447. Calculate t(656).
-9
Let h(n) = 3*n**2 + 830*n - 4179. Determine h(5).
46
Let j(r) = -9*r**3 - 506*r**2 + 925*r - 157. Give j(-58).
17
Let g(r) = -3*r**3 - 241*r**2 + 155*r - 495. Calculate